{"id":2070,"date":"2018-02-17T03:53:38","date_gmt":"2018-02-17T03:53:38","guid":{"rendered":"http:\/\/obispadodelinares.cl\/ol\/?page_id=2070"},"modified":"2020-10-29T14:34:56","modified_gmt":"2020-10-29T14:34:56","slug":"administracion-y-finanzas","status":"publish","type":"page","link":"https:\/\/obispadodelinares.cl\/ol\/?page_id=2070","title":{"rendered":"Administraci\u00f3n y Finanzas"},"content":{"rendered":"\t\t<div data-elementor-type=\"wp-post\" data-elementor-id=\"2070\" class=\"elementor elementor-2070\">\n\t\t\t\t\t\t<section class=\"elementor-section elementor-top-section elementor-element elementor-element-c24bc8b elementor-section-boxed elementor-section-height-default elementor-section-height-default\" data-id=\"c24bc8b\" data-element_type=\"section\" data-e-type=\"section\">\n\t\t\t\t\t\t<div class=\"elementor-container elementor-column-gap-default\">\n\t\t\t\t\t<div class=\"elementor-column elementor-col-100 elementor-top-column elementor-element elementor-element-351756f\" data-id=\"351756f\" data-element_type=\"column\" data-e-type=\"column\">\n\t\t\t<div class=\"elementor-widget-wrap elementor-element-populated\">\n\t\t\t\t\t\t<div class=\"elementor-element elementor-element-cc78787 elementor-widget elementor-widget-heading\" data-id=\"cc78787\" data-element_type=\"widget\" data-e-type=\"widget\" data-widget_type=\"heading.default\">\n\t\t\t\t<div class=\"elementor-widget-container\">\n\t\t\t\t\t<h3 class=\"elementor-heading-title elementor-size-large\">Departamento Diocesano<\/h3>\t\t\t\t<\/div>\n\t\t\t\t<\/div>\n\t\t\t\t\t<\/div>\n\t\t<\/div>\n\t\t\t\t\t<\/div>\n\t\t<\/section>\n\t\t\t\t<section class=\"elementor-section elementor-top-section elementor-element elementor-element-3ccf6e9 elementor-section-boxed elementor-section-height-default elementor-section-height-default\" data-id=\"3ccf6e9\" data-element_type=\"section\" data-e-type=\"section\">\n\t\t\t\t\t\t<div class=\"elementor-container elementor-column-gap-default\">\n\t\t\t\t\t<div class=\"elementor-column elementor-col-100 elementor-top-column elementor-element elementor-element-05505b8\" data-id=\"05505b8\" data-element_type=\"column\" data-e-type=\"column\">\n\t\t\t<div class=\"elementor-widget-wrap elementor-element-populated\">\n\t\t\t\t\t\t<section class=\"elementor-section elementor-inner-section elementor-element elementor-element-c8068bf elementor-section-boxed elementor-section-height-default elementor-section-height-default\" data-id=\"c8068bf\" data-element_type=\"section\" data-e-type=\"section\">\n\t\t\t\t\t\t<div class=\"elementor-container elementor-column-gap-default\">\n\t\t\t\t\t<div class=\"elementor-column elementor-col-50 elementor-inner-column elementor-element elementor-element-508ea91\" data-id=\"508ea91\" data-element_type=\"column\" data-e-type=\"column\">\n\t\t\t<div class=\"elementor-widget-wrap elementor-element-populated\">\n\t\t\t\t\t\t<div class=\"elementor-element elementor-element-b41f879 elementor-widget elementor-widget-text-editor\" data-id=\"b41f879\" data-element_type=\"widget\" data-e-type=\"widget\" data-widget_type=\"text-editor.default\">\n\t\t\t\t<div class=\"elementor-widget-container\">\n\t\t\t\t\t\t\t\t\t<p>Administraci\u00f3n Central:\u00a0<strong>Sr. Rodrigo Barrera<\/strong><br \/>Fono: 73 2 627231<br \/>Direcci\u00f3n: Independencia 248 Casilla 107 Linares.\u00a0<br \/>E-Mail:\u00a0<a href=\"mailto:cmorales@obispadodelinares.cl\">rbarrera@obispadodelinares.cl<\/a><\/p><p>\u00a0<\/p>\t\t\t\t\t\t\t\t<\/div>\n\t\t\t\t<\/div>\n\t\t\t\t\t<\/div>\n\t\t<\/div>\n\t\t\t\t<div class=\"elementor-column elementor-col-50 elementor-inner-column elementor-element elementor-element-4854997\" data-id=\"4854997\" data-element_type=\"column\" data-e-type=\"column\">\n\t\t\t<div class=\"elementor-widget-wrap elementor-element-populated\">\n\t\t\t\t\t\t<div class=\"elementor-element elementor-element-becca2e elementor-widget elementor-widget-text-editor\" data-id=\"becca2e\" data-element_type=\"widget\" data-e-type=\"widget\" data-widget_type=\"text-editor.default\">\n\t\t\t\t<div class=\"elementor-widget-container\">\n\t\t\t\t\t\t\t\t\t<p><strong>Contadora:<\/strong>\u00a0Susana S\u00e1ez Reyes\u00a0<br \/><strong>Fono:<\/strong>\u00a073-2 627208<\/p>\t\t\t\t\t\t\t\t<\/div>\n\t\t\t\t<\/div>\n\t\t\t\t\t<\/div>\n\t\t<\/div>\n\t\t\t\t\t<\/div>\n\t\t<\/section>\n\t\t\t\t\t<\/div>\n\t\t<\/div>\n\t\t\t\t\t<\/div>\n\t\t<\/section>\n\t\t\t\t<section class=\"elementor-section elementor-top-section elementor-element elementor-element-7f051a9 elementor-section-boxed elementor-section-height-default elementor-section-height-default\" data-id=\"7f051a9\" data-element_type=\"section\" data-e-type=\"section\">\n\t\t\t\t\t\t<div class=\"elementor-container elementor-column-gap-default\">\n\t\t\t\t\t<div class=\"elementor-column elementor-col-50 elementor-top-column elementor-element elementor-element-c306aff\" data-id=\"c306aff\" data-element_type=\"column\" data-e-type=\"column\">\n\t\t\t<div class=\"elementor-widget-wrap elementor-element-populated\">\n\t\t\t\t\t\t<div class=\"elementor-element elementor-element-a6ac153 elementor-widget-divider--view-line elementor-widget elementor-widget-divider\" data-id=\"a6ac153\" data-element_type=\"widget\" data-e-type=\"widget\" data-widget_type=\"divider.default\">\n\t\t\t\t<div class=\"elementor-widget-container\">\n\t\t\t\t\t\t\t<div class=\"elementor-divider\">\n\t\t\t<span class=\"elementor-divider-separator\">\n\t\t\t\t\t\t<\/span>\n\t\t<\/div>\n\t\t\t\t\t\t<\/div>\n\t\t\t\t<\/div>\n\t\t\t\t<div class=\"elementor-element elementor-element-855aff7 elementor-widget elementor-widget-heading\" data-id=\"855aff7\" data-element_type=\"widget\" data-e-type=\"widget\" data-widget_type=\"heading.default\">\n\t\t\t\t<div class=\"elementor-widget-container\">\n\t\t\t\t\t<h2 class=\"elementor-heading-title elementor-size-default\"><a href=\"http:\/\/obispadodelinares.cl\/DOCS\/Resumen_1_2019.pdf\">Resumen Informe Contribuci\u00f3n a la Iglesia 1%, a\u00f1o 2019<\/a><\/h2>\t\t\t\t<\/div>\n\t\t\t\t<\/div>\n\t\t\t\t<div class=\"elementor-element elementor-element-ad56ca6 elementor-button-info elementor-align-center elementor-widget elementor-widget-button\" data-id=\"ad56ca6\" data-element_type=\"widget\" data-e-type=\"widget\" data-widget_type=\"button.default\">\n\t\t\t\t<div class=\"elementor-widget-container\">\n\t\t\t\t\t\t\t\t\t<div class=\"elementor-button-wrapper\">\n\t\t\t\t\t<a class=\"elementor-button elementor-button-link elementor-size-sm\" href=\"http:\/\/obispadodelinares.cl\/DOCS\/Resumen_1_2019.pdf\">\n\t\t\t\t\t\t<span class=\"elementor-button-content-wrapper\">\n\t\t\t\t\t\t\t\t\t<span class=\"elementor-button-text\">Haz clic aqu\u00ed<\/span>\n\t\t\t\t\t<\/span>\n\t\t\t\t\t<\/a>\n\t\t\t\t<\/div>\n\t\t\t\t\t\t\t\t<\/div>\n\t\t\t\t<\/div>\n\t\t\t\t\t<\/div>\n\t\t<\/div>\n\t\t\t\t<div class=\"elementor-column elementor-col-50 elementor-top-column elementor-element elementor-element-4ceb576\" data-id=\"4ceb576\" data-element_type=\"column\" data-e-type=\"column\">\n\t\t\t<div class=\"elementor-widget-wrap elementor-element-populated\">\n\t\t\t\t\t\t<div class=\"elementor-element elementor-element-c37ebf9 elementor-widget-divider--view-line elementor-widget elementor-widget-divider\" data-id=\"c37ebf9\" data-element_type=\"widget\" data-e-type=\"widget\" data-widget_type=\"divider.default\">\n\t\t\t\t<div class=\"elementor-widget-container\">\n\t\t\t\t\t\t\t<div class=\"elementor-divider\">\n\t\t\t<span class=\"elementor-divider-separator\">\n\t\t\t\t\t\t<\/span>\n\t\t<\/div>\n\t\t\t\t\t\t<\/div>\n\t\t\t\t<\/div>\n\t\t\t\t<div class=\"elementor-element elementor-element-45e5035 elementor-widget elementor-widget-heading\" data-id=\"45e5035\" data-element_type=\"widget\" data-e-type=\"widget\" data-widget_type=\"heading.default\">\n\t\t\t\t<div class=\"elementor-widget-container\">\n\t\t\t\t\t<h2 class=\"elementor-heading-title elementor-size-default\"><a href=\"http:\/\/obispadodelinares.cl\/DOCS\/Resumen%20Parroquias%2007%20Agosto.pdf\">Resumen Econ\u00f3micos Parroquias 2019<\/a><\/h2>\t\t\t\t<\/div>\n\t\t\t\t<\/div>\n\t\t\t\t<div class=\"elementor-element elementor-element-46e8cf1 elementor-button-info elementor-align-center elementor-widget elementor-widget-button\" data-id=\"46e8cf1\" data-element_type=\"widget\" data-e-type=\"widget\" data-widget_type=\"button.default\">\n\t\t\t\t<div class=\"elementor-widget-container\">\n\t\t\t\t\t\t\t\t\t<div class=\"elementor-button-wrapper\">\n\t\t\t\t\t<a class=\"elementor-button elementor-button-link elementor-size-sm\" href=\"http:\/\/obispadodelinares.cl\/DOCS\/Resumen%20Parroquias%2007%20Agosto.pdf\">\n\t\t\t\t\t\t<span class=\"elementor-button-content-wrapper\">\n\t\t\t\t\t\t\t\t\t<span class=\"elementor-button-text\">Haz clic aqu\u00ed<\/span>\n\t\t\t\t\t<\/span>\n\t\t\t\t\t<\/a>\n\t\t\t\t<\/div>\n\t\t\t\t\t\t\t\t<\/div>\n\t\t\t\t<\/div>\n\t\t\t\t\t<\/div>\n\t\t<\/div>\n\t\t\t\t\t<\/div>\n\t\t<\/section>\n\t\t\t\t<section class=\"elementor-section elementor-top-section elementor-element elementor-element-ff493be elementor-section-boxed elementor-section-height-default elementor-section-height-default\" data-id=\"ff493be\" data-element_type=\"section\" data-e-type=\"section\">\n\t\t\t\t\t\t<div class=\"elementor-container elementor-column-gap-default\">\n\t\t\t\t\t<div class=\"elementor-column elementor-col-100 elementor-top-column elementor-element elementor-element-1f24243\" data-id=\"1f24243\" data-element_type=\"column\" data-e-type=\"column\">\n\t\t\t<div class=\"elementor-widget-wrap elementor-element-populated\">\n\t\t\t\t\t\t<div class=\"elementor-element elementor-element-e6ff677 elementor-widget-divider--view-line elementor-widget elementor-widget-divider\" data-id=\"e6ff677\" data-element_type=\"widget\" data-e-type=\"widget\" data-widget_type=\"divider.default\">\n\t\t\t\t<div class=\"elementor-widget-container\">\n\t\t\t\t\t\t\t<div class=\"elementor-divider\">\n\t\t\t<span class=\"elementor-divider-separator\">\n\t\t\t\t\t\t<\/span>\n\t\t<\/div>\n\t\t\t\t\t\t<\/div>\n\t\t\t\t<\/div>\n\t\t\t\t\t<\/div>\n\t\t<\/div>\n\t\t\t\t\t<\/div>\n\t\t<\/section>\n\t\t\t\t<\/div>\n\t\t","protected":false},"excerpt":{"rendered":"<p>Departamento Diocesano Administraci\u00f3n Central:\u00a0Sr. Rodrigo BarreraFono: 73 2 627231Direcci\u00f3n: Independencia 248 Casilla 107 Linares.\u00a0E-Mail:\u00a0rbarrera@obispadodelinares.cl \u00a0 Contadora:\u00a0Susana S\u00e1ez Reyes\u00a0Fono:\u00a073-2 627208 Resumen Informe Contribuci\u00f3n a la Iglesia 1%, a\u00f1o 2019 Haz clic aqu\u00ed Resumen Econ\u00f3micos Parroquias 2019 Haz clic aqu\u00ed<\/p>\n","protected":false},"author":1,"featured_media":0,"parent":0,"menu_order":0,"comment_status":"closed","ping_status":"closed","template":"","meta":{"h5ap_radio_sources":[],"footnotes":""},"class_list":["post-2070","page","type-page","status-publish","hentry"],"_links":{"self":[{"href":"https:\/\/obispadodelinares.cl\/ol\/index.php?rest_route=\/wp\/v2\/pages\/2070","targetHints":{"allow":["GET"]}}],"collection":[{"href":"https:\/\/obispadodelinares.cl\/ol\/index.php?rest_route=\/wp\/v2\/pages"}],"about":[{"href":"https:\/\/obispadodelinares.cl\/ol\/index.php?rest_route=\/wp\/v2\/types\/page"}],"author":[{"embeddable":true,"href":"https:\/\/obispadodelinares.cl\/ol\/index.php?rest_route=\/wp\/v2\/users\/1"}],"replies":[{"embeddable":true,"href":"https:\/\/obispadodelinares.cl\/ol\/index.php?rest_route=%2Fwp%2Fv2%2Fcomments&post=2070"}],"version-history":[{"count":0,"href":"https:\/\/obispadodelinares.cl\/ol\/index.php?rest_route=\/wp\/v2\/pages\/2070\/revisions"}],"wp:attachment":[{"href":"https:\/\/obispadodelinares.cl\/ol\/index.php?rest_route=%2Fwp%2Fv2%2Fmedia&parent=2070"}],"curies":[{"name":"wp","href":"https:\/\/api.w.org\/{rel}","templated":true}]}}

Administración y Finanzas

<div data-elementor-type="wp-post" data-elementor-id="2070" class="elementor elementor-2070">
						<section class="elementor-section elementor-top-section elementor-element elementor-element-c24bc8b elementor-section-boxed elementor-section-height-default elementor-section-height-default" data-id="c24bc8b" data-element_type="section" data-e-type="section">
						<div class="elementor-container elementor-column-gap-default">
					<div class="elementor-column elementor-col-100 elementor-top-column elementor-element elementor-element-351756f" data-id="351756f" data-element_type="column" data-e-type="column">
			<div class="elementor-widget-wrap elementor-element-populated">
						<div class="elementor-element elementor-element-cc78787 elementor-widget elementor-widget-heading" data-id="cc78787" data-element_type="widget" data-e-type="widget" data-widget_type="heading.default">
				<div class="elementor-widget-container">
					<h3 class="elementor-heading-title elementor-size-large">Departamento Diocesano</h3>				</div>
				</div>
					</div>
		</div>
					</div>
		</section>
				<section class="elementor-section elementor-top-section elementor-element elementor-element-3ccf6e9 elementor-section-boxed elementor-section-height-default elementor-section-height-default" data-id="3ccf6e9" data-element_type="section" data-e-type="section">
						<div class="elementor-container elementor-column-gap-default">
					<div class="elementor-column elementor-col-100 elementor-top-column elementor-element elementor-element-05505b8" data-id="05505b8" data-element_type="column" data-e-type="column">
			<div class="elementor-widget-wrap elementor-element-populated">
						<section class="elementor-section elementor-inner-section elementor-element elementor-element-c8068bf elementor-section-boxed elementor-section-height-default elementor-section-height-default" data-id="c8068bf" data-element_type="section" data-e-type="section">
						<div class="elementor-container elementor-column-gap-default">
					<div class="elementor-column elementor-col-50 elementor-inner-column elementor-element elementor-element-508ea91" data-id="508ea91" data-element_type="column" data-e-type="column">
			<div class="elementor-widget-wrap elementor-element-populated">
						<div class="elementor-element elementor-element-b41f879 elementor-widget elementor-widget-text-editor" data-id="b41f879" data-element_type="widget" data-e-type="widget" data-widget_type="text-editor.default">
				<div class="elementor-widget-container">
									<p>Administración Central: <strong>Sr. Rodrigo Barrera</strong><br />Fono: 73 2 627231<br />Dirección: Independencia 248 Casilla 107 Linares. <br />E-Mail: <a href="mailto:cmorales@obispadodelinares.cl">rbarrera@obispadodelinares.cl</a></p><p> </p>								</div>
				</div>
					</div>
		</div>
				<div class="elementor-column elementor-col-50 elementor-inner-column elementor-element elementor-element-4854997" data-id="4854997" data-element_type="column" data-e-type="column">
			<div class="elementor-widget-wrap elementor-element-populated">
						<div class="elementor-element elementor-element-becca2e elementor-widget elementor-widget-text-editor" data-id="becca2e" data-element_type="widget" data-e-type="widget" data-widget_type="text-editor.default">
				<div class="elementor-widget-container">
									<p><strong>Contadora:</strong> Susana Sáez Reyes <br /><strong>Fono:</strong> 73-2 627208</p>								</div>
				</div>
					</div>
		</div>
					</div>
		</section>
					</div>
		</div>
					</div>
		</section>
				<section class="elementor-section elementor-top-section elementor-element elementor-element-7f051a9 elementor-section-boxed elementor-section-height-default elementor-section-height-default" data-id="7f051a9" data-element_type="section" data-e-type="section">
						<div class="elementor-container elementor-column-gap-default">
					<div class="elementor-column elementor-col-50 elementor-top-column elementor-element elementor-element-c306aff" data-id="c306aff" data-element_type="column" data-e-type="column">
			<div class="elementor-widget-wrap elementor-element-populated">
						<div class="elementor-element elementor-element-a6ac153 elementor-widget-divider--view-line elementor-widget elementor-widget-divider" data-id="a6ac153" data-element_type="widget" data-e-type="widget" data-widget_type="divider.default">
				<div class="elementor-widget-container">
							<div class="elementor-divider">
			<span class="elementor-divider-separator">
						</span>
		</div>
						</div>
				</div>
				<div class="elementor-element elementor-element-855aff7 elementor-widget elementor-widget-heading" data-id="855aff7" data-element_type="widget" data-e-type="widget" data-widget_type="heading.default">
				<div class="elementor-widget-container">
					<h2 class="elementor-heading-title elementor-size-default"><a href="http://obispadodelinares.cl/DOCS/Resumen_1_2019.pdf">Resumen Informe Contribución a la Iglesia 1%, año 2019</a></h2>				</div>
				</div>
				<div class="elementor-element elementor-element-ad56ca6 elementor-button-info elementor-align-center elementor-widget elementor-widget-button" data-id="ad56ca6" data-element_type="widget" data-e-type="widget" data-widget_type="button.default">
				<div class="elementor-widget-container">
									<div class="elementor-button-wrapper">
					<a class="elementor-button elementor-button-link elementor-size-sm" href="http://obispadodelinares.cl/DOCS/Resumen_1_2019.pdf">
						<span class="elementor-button-content-wrapper">
									<span class="elementor-button-text">Haz clic aquí</span>
					</span>
					</a>
				</div>
								</div>
				</div>
					</div>
		</div>
				<div class="elementor-column elementor-col-50 elementor-top-column elementor-element elementor-element-4ceb576" data-id="4ceb576" data-element_type="column" data-e-type="column">
			<div class="elementor-widget-wrap elementor-element-populated">
						<div class="elementor-element elementor-element-c37ebf9 elementor-widget-divider--view-line elementor-widget elementor-widget-divider" data-id="c37ebf9" data-element_type="widget" data-e-type="widget" data-widget_type="divider.default">
				<div class="elementor-widget-container">
							<div class="elementor-divider">
			<span class="elementor-divider-separator">
						</span>
		</div>
						</div>
				</div>
				<div class="elementor-element elementor-element-45e5035 elementor-widget elementor-widget-heading" data-id="45e5035" data-element_type="widget" data-e-type="widget" data-widget_type="heading.default">
				<div class="elementor-widget-container">
					<h2 class="elementor-heading-title elementor-size-default"><a href="http://obispadodelinares.cl/DOCS/Resumen%20Parroquias%2007%20Agosto.pdf">Resumen Económicos Parroquias 2019</a></h2>				</div>
				</div>
				<div class="elementor-element elementor-element-46e8cf1 elementor-button-info elementor-align-center elementor-widget elementor-widget-button" data-id="46e8cf1" data-element_type="widget" data-e-type="widget" data-widget_type="button.default">
				<div class="elementor-widget-container">
									<div class="elementor-button-wrapper">
					<a class="elementor-button elementor-button-link elementor-size-sm" href="http://obispadodelinares.cl/DOCS/Resumen%20Parroquias%2007%20Agosto.pdf">
						<span class="elementor-button-content-wrapper">
									<span class="elementor-button-text">Haz clic aquí</span>
					</span>
					</a>
				</div>
								</div>
				</div>
					</div>
		</div>
					</div>
		</section>
				<section class="elementor-section elementor-top-section elementor-element elementor-element-ff493be elementor-section-boxed elementor-section-height-default elementor-section-height-default" data-id="ff493be" data-element_type="section" data-e-type="section">
						<div class="elementor-container elementor-column-gap-default">
					<div class="elementor-column elementor-col-100 elementor-top-column elementor-element elementor-element-1f24243" data-id="1f24243" data-element_type="column" data-e-type="column">
			<div class="elementor-widget-wrap elementor-element-populated">
						<div class="elementor-element elementor-element-e6ff677 elementor-widget-divider--view-line elementor-widget elementor-widget-divider" data-id="e6ff677" data-element_type="widget" data-e-type="widget" data-widget_type="divider.default">
				<div class="elementor-widget-container">
							<div class="elementor-divider">
			<span class="elementor-divider-separator">
						</span>
		</div>
						</div>
				</div>
					</div>
		</div>
					</div>
		</section>
				</div>

<p>Departamento Diocesano Administración Central: Sr. Rodrigo BarreraFono: 73 2 627231Dirección: Independencia 248 Casilla 107 Linares. E-Mail: rbarrera@obispadodelinares.cl   Contadora: Susana Sáez Reyes Fono: 73-2 627208 Resumen Informe Contribución a la Iglesia 1%, año 2019 Haz clic aquí Resumen Económicos Parroquias 2019 Haz clic aquí</p>
