{"id":17260,"date":"2023-10-19T15:08:40","date_gmt":"2023-10-19T15:08:40","guid":{"rendered":"https:\/\/obispadodelinares.cl\/ol\/?page_id=17260"},"modified":"2026-04-13T11:23:12","modified_gmt":"2026-04-13T15:23:12","slug":"libro-de-confirmacion","status":"publish","type":"page","link":"https:\/\/obispadodelinares.cl\/ol\/?page_id=17260","title":{"rendered":"Libro de Confirmaci\u00f3n"},"content":{"rendered":"<div data-colibri-id=\"17260-c1\" class=\"style-4002 style-local-17260-c1 position-relative\">\n  <!---->\n  <div data-colibri-component=\"section\" data-colibri-id=\"17260-c2\" id=\"about\" class=\"h-section h-section-global-spacing d-flex align-items-lg-center align-items-md-center align-items-center style-4003 style-local-17260-c2 position-relative\">\n    <div class=\"background-wrapper\">\n      <div class=\"background-layer background-layer-media-container-lg\">\n        <!---->\n        <div class=\"overlay-layer\">\n          <div class=\"overlay-image-layer\" style=\"background-color: rgb(255, 255, 255); opacity: 0.9;\"><\/div>\n        <\/div>\n      <\/div>\n      <div class=\"background-layer background-layer-media-container-md\">\n        <!---->\n        <div class=\"overlay-layer\">\n          <div class=\"overlay-image-layer\" style=\"background-color: rgb(255, 255, 255); opacity: 0.9;\"><\/div>\n        <\/div>\n      <\/div>\n      <div class=\"background-layer background-layer-media-container\">\n        <!---->\n        <div class=\"overlay-layer\">\n          <div class=\"overlay-image-layer\" style=\"background-color: rgb(255, 255, 255); opacity: 0.9;\"><\/div>\n        <\/div>\n      <\/div>\n    <\/div>\n    <!---->\n    <div class=\"h-section-grid-container h-section-boxed-container\">\n      <!---->\n      <div data-colibri-id=\"17260-c3\" class=\"h-row-container gutters-row-lg-0 gutters-row-md-0 gutters-row-0 gutters-row-v-lg-0 gutters-row-v-md-0 gutters-row-v-0 style-4004 style-local-17260-c3 position-relative\">\n        <!---->\n        <div class=\"h-row justify-content-lg-center justify-content-md-center justify-content-center align-items-lg-stretch align-items-md-stretch align-items-stretch gutters-col-lg-0 gutters-col-md-0 gutters-col-0 gutters-col-v-lg-0 gutters-col-v-md-0 gutters-col-v-0\">\n          <!---->\n          <div class=\"h-column h-column-container d-flex h-col-lg-auto h-col-md-auto h-col-auto style-4007-outer style-local-17260-c4-outer\">\n            <div data-colibri-id=\"17260-c4\" class=\"d-flex h-flex-basis h-column__inner h-px-lg-3 h-px-md-3 h-px-3 v-inner-lg-3 v-inner-md-3 v-inner-3 style-4007 style-local-17260-c4 position-relative\">\n              <!---->\n              <!---->\n              <div class=\"w-100 h-y-container h-column__content h-column__v-align flex-basis-100 align-self-lg-center align-self-md-center align-self-center\">\n                <!---->\n                <div data-colibri-id=\"17260-c5\" class=\"h-global-transition-all h-heading style-4008 style-local-17260-c5 position-relative h-element\">\n                  <!---->\n                  <div class=\"h-heading__outer style-4008 style-local-17260-c5\">\n                    <!---->\n                    <!---->\n                    <h3 class=\"\">&nbsp;<em style=\"font-family: &quot;Playfair Display&quot;; color: rgb(3, 169, 244);\">Libro del Catequista y del joven<\/em><\/h3>\n                  <\/div>\n                <\/div>\n                <div data-colibri-id=\"17260-c6\" class=\"h-text h-text-component style-4009 style-local-17260-c6 position-relative h-element\">\n                  <!---->\n                  <!---->\n                  <div class=\"\">\n                    <p><span style=\"font-weight: 400; color: rgb(0, 0, 0);\">Les entrego este material con mucha esperanza, pidiendo a la Virgen Mar\u00eda, Madre y Maestra, que este texto sea muy \u00fatil para lograr el anhelado encuentro con Jes\u00fas, su Hijo, y nuestro Salvador. <\/span><\/p>\n                    <p><span style=\"font-weight: 400; color: rgb(0, 0, 0);\">Vayan y hagan disc\u00edpulos, <\/span><\/p>\n                    <p><span style=\"font-weight: 400; color: rgb(0, 0, 0);\">+Tomislav Koljatic <\/span><\/p>\n                    <p>\n                      <br>\n                    <\/p>\n                  <\/div>\n                <\/div>\n                <div data-colibri-id=\"17260-c7\" class=\"h-x-container style-4010 style-local-17260-c7 position-relative h-element\">\n                  <!---->\n                  <div class=\"h-x-container-inner style-dynamic-17260-c7-group style-4010-spacing style-local-17260-c7-spacing\"><span class=\"h-button__outer style-4011-outer style-local-17260-c8-outer d-inline-flex h-element\"><a h-use-smooth-scroll=\"true\" href=\"\" rel=\"nofollow\"  data-colibri-id=\"17260-c8\" class=\"d-flex w-100 align-items-center h-button justify-content-lg-center justify-content-md-center justify-content-center style-4011 style-local-17260-c8 position-relative\"><!----><!----> <span>para consultas escribir a catequesis@obispadodelinares.cl<\/span><\/a>\n                    <\/span>\n                  <\/div>\n                <\/div>\n              <\/div>\n            <\/div>\n          <\/div>\n          <div class=\"h-column h-column-container d-flex h-col-lg-auto h-col-md-auto h-col-auto style-4012-outer style-local-17260-c9-outer\">\n            <div data-colibri-id=\"17260-c9\" class=\"d-flex h-flex-basis h-column__inner h-px-lg-2 h-px-md-2 h-px-0 v-inner-lg-2 v-inner-md-2 v-inner-0 style-4012 style-local-17260-c9 position-relative\">\n              <!---->\n              <!---->\n              <div class=\"w-100 h-y-container h-column__content h-column__v-align flex-basis-100 align-self-lg-start align-self-md-start align-self-start\">\n                <!---->\n                <div data-colibri-id=\"17260-c10\" class=\"d-block style-4013 style-local-17260-c10 position-relative h-element\">\n                  <!---->\n                  <div class=\"h-image__frame-container-outer\">\n                    <div class=\"h-image__frame-container\">\n                      <!---->\n                      <!---->\n                      <img fetchpriority=\"high\" decoding=\"async\" width=\"1545\" height=\"2000\" src=\"https:\/\/obispadodelinares.cl\/ol\/wp-content\/uploads\/2023\/10\/PROGRAMA-CONFIRMACION.pdf.jpg\" class=\"wp-image-17263 style-4013-image style-local-17260-c10-image\" alt=\"\" srcset=\"https:\/\/obispadodelinares.cl\/ol\/wp-content\/uploads\/2023\/10\/PROGRAMA-CONFIRMACION.pdf.jpg 1545w, https:\/\/obispadodelinares.cl\/ol\/wp-content\/uploads\/2023\/10\/PROGRAMA-CONFIRMACION.pdf-232x300.jpg 232w, https:\/\/obispadodelinares.cl\/ol\/wp-content\/uploads\/2023\/10\/PROGRAMA-CONFIRMACION.pdf-791x1024.jpg 791w, https:\/\/obispadodelinares.cl\/ol\/wp-content\/uploads\/2023\/10\/PROGRAMA-CONFIRMACION.pdf-768x994.jpg 768w, https:\/\/obispadodelinares.cl\/ol\/wp-content\/uploads\/2023\/10\/PROGRAMA-CONFIRMACION.pdf-1187x1536.jpg 1187w\" sizes=\"(max-width: 1545px) 100vw, 1545px\" \/>\n                      <div class=\"h-image__frame h-hide-lg h-hide-md h-hide-sm style-4013-frameImage style-local-17260-c10-frameImage\"><\/div>\n                    <\/div>\n                  <\/div>\n                <\/div>\n              <\/div>\n            <\/div>\n          <\/div>\n        <\/div>\n      <\/div>\n    <\/div>\n  <\/div>\n<\/div>","protected":false},"excerpt":{"rendered":"<p>&nbsp;Libro del Catequista y del joven Les entrego este material con mucha esperanza, pidiendo a la Virgen Mar\u00eda, Madre y Maestra, que este texto sea muy \u00fatil para lograr el anhelado encuentro con Jes\u00fas, su Hijo, y nuestro Salvador. Vayan y hagan disc\u00edpulos, +Tomislav Koljatic para consultas escribir a catequesis@obispadodelinares.cl<\/p>\n","protected":false},"author":1,"featured_media":0,"parent":0,"menu_order":0,"comment_status":"closed","ping_status":"closed","template":"page-templates\/full-width-page.php","meta":{"h5ap_radio_sources":[],"footnotes":""},"class_list":["post-17260","page","type-page","status-publish","hentry"],"_links":{"self":[{"href":"https:\/\/obispadodelinares.cl\/ol\/index.php?rest_route=\/wp\/v2\/pages\/17260","targetHints":{"allow":["GET"]}}],"collection":[{"href":"https:\/\/obispadodelinares.cl\/ol\/index.php?rest_route=\/wp\/v2\/pages"}],"about":[{"href":"https:\/\/obispadodelinares.cl\/ol\/index.php?rest_route=\/wp\/v2\/types\/page"}],"author":[{"embeddable":true,"href":"https:\/\/obispadodelinares.cl\/ol\/index.php?rest_route=\/wp\/v2\/users\/1"}],"replies":[{"embeddable":true,"href":"https:\/\/obispadodelinares.cl\/ol\/index.php?rest_route=%2Fwp%2Fv2%2Fcomments&post=17260"}],"version-history":[{"count":3,"href":"https:\/\/obispadodelinares.cl\/ol\/index.php?rest_route=\/wp\/v2\/pages\/17260\/revisions"}],"predecessor-version":[{"id":22253,"href":"https:\/\/obispadodelinares.cl\/ol\/index.php?rest_route=\/wp\/v2\/pages\/17260\/revisions\/22253"}],"wp:attachment":[{"href":"https:\/\/obispadodelinares.cl\/ol\/index.php?rest_route=%2Fwp%2Fv2%2Fmedia&parent=17260"}],"curies":[{"name":"wp","href":"https:\/\/api.w.org\/{rel}","templated":true}]}}

Libro de Confirmación

<div data-colibri-id="17260-c1" class="style-4002 style-local-17260-c1 position-relative">
  <!---->
  <div data-colibri-component="section" data-colibri-id="17260-c2" id="about" class="h-section h-section-global-spacing d-flex align-items-lg-center align-items-md-center align-items-center style-4003 style-local-17260-c2 position-relative">
    <div class="background-wrapper">
      <div class="background-layer background-layer-media-container-lg">
        <!---->
        <div class="overlay-layer">
          <div class="overlay-image-layer" style="background-color: rgb(255, 255, 255); opacity: 0.9;"></div>
        </div>
      </div>
      <div class="background-layer background-layer-media-container-md">
        <!---->
        <div class="overlay-layer">
          <div class="overlay-image-layer" style="background-color: rgb(255, 255, 255); opacity: 0.9;"></div>
        </div>
      </div>
      <div class="background-layer background-layer-media-container">
        <!---->
        <div class="overlay-layer">
          <div class="overlay-image-layer" style="background-color: rgb(255, 255, 255); opacity: 0.9;"></div>
        </div>
      </div>
    </div>
    <!---->
    <div class="h-section-grid-container h-section-boxed-container">
      <!---->
      <div data-colibri-id="17260-c3" class="h-row-container gutters-row-lg-0 gutters-row-md-0 gutters-row-0 gutters-row-v-lg-0 gutters-row-v-md-0 gutters-row-v-0 style-4004 style-local-17260-c3 position-relative">
        <!---->
        <div class="h-row justify-content-lg-center justify-content-md-center justify-content-center align-items-lg-stretch align-items-md-stretch align-items-stretch gutters-col-lg-0 gutters-col-md-0 gutters-col-0 gutters-col-v-lg-0 gutters-col-v-md-0 gutters-col-v-0">
          <!---->
          <div class="h-column h-column-container d-flex h-col-lg-auto h-col-md-auto h-col-auto style-4007-outer style-local-17260-c4-outer">
            <div data-colibri-id="17260-c4" class="d-flex h-flex-basis h-column__inner h-px-lg-3 h-px-md-3 h-px-3 v-inner-lg-3 v-inner-md-3 v-inner-3 style-4007 style-local-17260-c4 position-relative">
              <!---->
              <!---->
              <div class="w-100 h-y-container h-column__content h-column__v-align flex-basis-100 align-self-lg-center align-self-md-center align-self-center">
                <!---->
                <div data-colibri-id="17260-c5" class="h-global-transition-all h-heading style-4008 style-local-17260-c5 position-relative h-element">
                  <!---->
                  <div class="h-heading__outer style-4008 style-local-17260-c5">
                    <!---->
                    <!---->
                    <h3 class="">&nbsp;<em style="font-family: &quot;Playfair Display&quot;; color: rgb(3, 169, 244);">Libro del Catequista y del joven</em></h3>
                  </div>
                </div>
                <div data-colibri-id="17260-c6" class="h-text h-text-component style-4009 style-local-17260-c6 position-relative h-element">
                  <!---->
                  <!---->
                  <div class="">
                    <p><span style="font-weight: 400; color: rgb(0, 0, 0);">Les entrego este material con mucha esperanza, pidiendo a la Virgen María, Madre y Maestra, que este texto sea muy útil para lograr el anhelado encuentro con Jesús, su Hijo, y nuestro Salvador. </span></p>
                    <p><span style="font-weight: 400; color: rgb(0, 0, 0);">Vayan y hagan discípulos, </span></p>
                    <p><span style="font-weight: 400; color: rgb(0, 0, 0);">+Tomislav Koljatic </span></p>
                    <p>
                      <br>
                    </p>
                  </div>
                </div>
                <div data-colibri-id="17260-c7" class="h-x-container style-4010 style-local-17260-c7 position-relative h-element">
                  <!---->
                  <div class="h-x-container-inner style-dynamic-17260-c7-group style-4010-spacing style-local-17260-c7-spacing"><span class="h-button__outer style-4011-outer style-local-17260-c8-outer d-inline-flex h-element"><a h-use-smooth-scroll="true" href="" rel="nofollow"  data-colibri-id="17260-c8" class="d-flex w-100 align-items-center h-button justify-content-lg-center justify-content-md-center justify-content-center style-4011 style-local-17260-c8 position-relative"><!----><!----> <span>para consultas escribir a catequesis@obispadodelinares.cl</span></a>
                    </span>
                  </div>
                </div>
              </div>
            </div>
          </div>
          <div class="h-column h-column-container d-flex h-col-lg-auto h-col-md-auto h-col-auto style-4012-outer style-local-17260-c9-outer">
            <div data-colibri-id="17260-c9" class="d-flex h-flex-basis h-column__inner h-px-lg-2 h-px-md-2 h-px-0 v-inner-lg-2 v-inner-md-2 v-inner-0 style-4012 style-local-17260-c9 position-relative">
              <!---->
              <!---->
              <div class="w-100 h-y-container h-column__content h-column__v-align flex-basis-100 align-self-lg-start align-self-md-start align-self-start">
                <!---->
                <div data-colibri-id="17260-c10" class="d-block style-4013 style-local-17260-c10 position-relative h-element">
                  <!---->
                  <div class="h-image__frame-container-outer">
                    <div class="h-image__frame-container">
                      <!---->
                      <!---->
                      <img fetchpriority="high" decoding="async" width="1545" height="2000" src="https://obispadodelinares.cl/ol/wp-content/uploads/2023/10/PROGRAMA-CONFIRMACION.pdf.jpg" class="wp-image-17263 style-4013-image style-local-17260-c10-image" alt="" srcset="https://obispadodelinares.cl/ol/wp-content/uploads/2023/10/PROGRAMA-CONFIRMACION.pdf.jpg 1545w, https://obispadodelinares.cl/ol/wp-content/uploads/2023/10/PROGRAMA-CONFIRMACION.pdf-232x300.jpg 232w, https://obispadodelinares.cl/ol/wp-content/uploads/2023/10/PROGRAMA-CONFIRMACION.pdf-791x1024.jpg 791w, https://obispadodelinares.cl/ol/wp-content/uploads/2023/10/PROGRAMA-CONFIRMACION.pdf-768x994.jpg 768w, https://obispadodelinares.cl/ol/wp-content/uploads/2023/10/PROGRAMA-CONFIRMACION.pdf-1187x1536.jpg 1187w" sizes="(max-width: 1545px) 100vw, 1545px" />
                      <div class="h-image__frame h-hide-lg h-hide-md h-hide-sm style-4013-frameImage style-local-17260-c10-frameImage"></div>
                    </div>
                  </div>
                </div>
              </div>
            </div>
          </div>
        </div>
      </div>
    </div>
  </div>
</div>

<p>&nbsp;Libro del Catequista y del joven Les entrego este material con mucha esperanza, pidiendo a la Virgen María, Madre y Maestra, que este texto sea muy útil para lograr el anhelado encuentro con Jesús, su Hijo, y nuestro Salvador. Vayan y hagan discípulos, +Tomislav Koljatic para consultas escribir a catequesis@obispadodelinares.cl</p>
